{"id":2031,"date":"2020-05-02T21:15:25","date_gmt":"2020-05-02T19:15:25","guid":{"rendered":"https:\/\/20.79.180.122\/?page_id=2031"},"modified":"2024-02-14T23:31:57","modified_gmt":"2024-02-14T22:31:57","slug":"postani-clan-pgd-bizovik","status":"publish","type":"page","link":"https:\/\/pgd-bizovik.si\/?page_id=2031","title":{"rendered":"Postani \u010dlan PGD Bizovik"},"content":{"rendered":"<p>Gasilstvo je humanitarna dejavnost, ki se opravlja v javnem interesu. Izvajanje ga\u0161enja, za\u0161\u010dite, re\u0161evanja in drugih operativnih nalog, ki jih izvaja gasilstvo ob nesre\u010dah, je za prizadete in ogro\u017eene brezpla\u010dno, razen \u010de s tem zakonom ni dolo\u010deno druga\u010de.<\/p>\n<p>V kolikor ima\u0161 \u017eeljo pomagati prizadetim ob nesre\u010dah in jim, kot prva oseba na mestu dogodka, v kriti\u010dnih minutah stati ob strani, potem je izpolnjen prvi predpogoj za vstop v gasilske vrste.<\/p>\n<p><strong>GASILEC<\/strong>, ki prostovoljno opravlja operativne naloge v gasilstvu je lahko le oseba (mo\u0161ki ali \u017eenska), ki:<\/p>\n<ul>\n<li>je strokovno usposobljena za ga\u0161enje in re\u0161evanje ter ima opravljen predpisani izpit za prostovoljnega gasilca<\/li>\n<li>ima opravljen predpisan preizkus znanja, preizkus psihofizi\u010dnih sposobnosti in je zdravstveno sposobna za opravljanje gasilske slu\u017ebe,<\/li>\n<li>ni bila pravnomo\u010dno obsojena za kaznivo dejanje zoper \u017eivljenje, telo in premo\u017eenje<\/li>\n<li>je stara od 18 do 63 let (mo\u0161ki) oziroma 18 do 55 let (\u017eenske).<\/li>\n<\/ul>\n<p>Po dose\u017eeni starosti 63 oz. 55. let se iz aktivnega \u010dlana prelevi\u0161 v gasilskega veterana, kateri s svojimi bogatimi izku\u0161njami navdu\u0161uje vse mlade gasilce.<\/p>\n<p>\u010clani Prostovoljnega gasilskega dru\u0161tva Bizovik se dru\u017eimo vsak \u010detrtek med 20.00 in 22.30 uro.<\/p>\n<p>Gasilec pa lahko postane\u0161 tudi pred dopolnitvijo svojega 18. Leta. Ena bistvenih nalog gasilstva, v \u010dasu brez intervencij, je vzgajanje gasilske mladine. Le ta bo \u010dez nekaj let predstavljala jedro dobre in usklajene operativne enote.<\/p>\n<p><strong>GASILSKA MLADINA<\/strong>&nbsp;se, glede na starost, deli v 3 kategorije. In sicer:<\/p>\n<p>\u2013&nbsp;&nbsp;&nbsp;&nbsp;&nbsp;&nbsp;&nbsp; pionirji in pionirke, starost med 7 in 11 let<\/p>\n<p>\u2013&nbsp;&nbsp;&nbsp;&nbsp;&nbsp;&nbsp;&nbsp; mladinci in mladinke, starost med 12 in 16 let<\/p>\n<p>\u2013&nbsp;&nbsp;&nbsp;&nbsp;&nbsp;&nbsp;&nbsp; pripravniki in pripravnice, starost od 17 do 18 let oz. do opravljenega osnovnega usposabljanja.<\/p>\n<p>Pod vodstvom mentorjev se mladina tekom leta udele\u017euje razli\u010dnih gasilskih tekmovanj, kvizov, orientacije,\u2026 Sodelujejo na likovnih razstavah in skozi igro pridobivajo znanje o gasilstvu. V Bizoviku se mladina dobiva tedensko. Pionirji se dru\u017eijo ob ponedeljkih, med 17:00 in 18.00, mladinci in pripravniki pa ob \u010detrtkih med 18.00 in 19.00 uro. Aktivnosti potekajo v prostorih PGD Bizovik. V kolikor je po prebranem \u017eelja \u0161e vedno velika, svetujemo le eno. Natisni eno od spodnjih pristopnih izjav, jo izpolni ter se v enem od dni, ko potekajo v gasilskem dru\u0161tvu aktivnosti, oglasi pri nas. Za vse informacije o gasilski mladini, smo na voljo na mladina@20.79.180.122.<\/p>\n<p>&nbsp;<\/p>\n<div class=\"everest-forms\">\n<div id=\"evf-287\" class=\"evf-container default\">\n<form id=\"evf-form-287\" class=\"everest-form customize-unpreviewable\" action=\"https:\/\/20.79.180.122\/postani-clan-pgd-bizovik\/?customize_changeset_uuid=9ae49e34-d0e4-41a0-9c67-5a3c488b67fb&amp;customize_theme=colormag&amp;customize_messenger_channel=preview-41&amp;customize_autosaved=on\" enctype=\"multipart\/form-data\" method=\"post\" novalidate=\"novalidate\" data-formid=\"287\" data-ajax_submission=\"0\">\n<div class=\"evf-field-container\">\n<div class=\"evf-frontend-row\" data-row=\"row_1\">\n<div class=\"evf-frontend-grid evf-grid-1\" data-grid=\"grid_1\">\n<div id=\"evf-287-field_lVizlNhYus-1-container\" class=\"evf-field evf-field-text form-row validate-required\" data-required-field-message=\"Obvezno polje\" data-field-id=\"lVizlNhYus-1\"><label class=\"evf-field-label\" for=\"evf-287-field_lVizlNhYus-1\"><span class=\"evf-label\">Ime in Priimek<\/span>&nbsp;<abbr class=\"required\" title=\"Required\">*<\/abbr><\/label><input id=\"evf-287-field_lVizlNhYus-1\" class=\"input-text\" name=\"everest_forms[form_fields][lVizlNhYus-1]\" required=\"\" type=\"text\"><\/div>\n<div id=\"evf-287-field_XYnMdkQDKM-3-container\" class=\"evf-field evf-field-email form-row validate-required validate-email\" data-required-field-message=\"Please enter a valid email address.\" data-field-id=\"XYnMdkQDKM-3\"><label class=\"evf-field-label\" for=\"evf-287-field_XYnMdkQDKM-3\"><span class=\"evf-label\">Email<\/span>&nbsp;<abbr class=\"required\" title=\"Required\">*<\/abbr><\/label><input id=\"evf-287-field_XYnMdkQDKM-3\" class=\"input-text\" name=\"everest_forms[form_fields][XYnMdkQDKM-3]\" required=\"\" type=\"email\"><\/div>\n<div id=\"evf-287-field_xJivsqAS2c-2-container\" class=\"evf-field evf-field-text form-row validate-required\" data-required-field-message=\"Obvezno polje\" data-field-id=\"xJivsqAS2c-2\"><label class=\"evf-field-label\" for=\"evf-287-field_xJivsqAS2c-2\"><span class=\"evf-label\">Zadeva<\/span>&nbsp;<abbr class=\"required\" title=\"Required\">*<\/abbr><\/label><input id=\"evf-287-field_xJivsqAS2c-2\" class=\"input-text\" name=\"everest_forms[form_fields][xJivsqAS2c-2]\" required=\"\" type=\"text\"><\/div>\n<div id=\"evf-287-field_YalaPcQ0DO-4-container\" class=\"evf-field evf-field-textarea form-row validate-required\" data-required-field-message=\"Obvezno polje\" data-field-id=\"YalaPcQ0DO-4\"><label class=\"evf-field-label\" for=\"evf-287-field_YalaPcQ0DO-4\"><span class=\"evf-label\">Sporo\u010dilo<\/span>&nbsp;<abbr class=\"required\" title=\"Required\">*<\/abbr><\/label><textarea id=\"evf-287-field_YalaPcQ0DO-4\" class=\"input-text\" name=\"everest_forms[form_fields][YalaPcQ0DO-4]\" required=\"\"><\/textarea><\/div>\n<\/div>\n<\/div>\n<\/div>\n<div class=\"evf-submit-container \"><button id=\"evf-submit-287\" class=\"everest-forms-submit-button button evf-submit \" name=\"everest_forms[submit]\" type=\"submit\" value=\"evf-submit\" data-process-text=\"Processing\u2026\">Potrdi<\/button><\/div>\n<\/form>\n<\/div>\n<\/div>\n","protected":false},"excerpt":{"rendered":"<p>Gasilstvo je humanitarna dejavnost, ki se opravlja v javnem interesu. Izvajanje ga\u0161enja, za\u0161\u010dite, re\u0161evanja in drugih operativnih nalog, ki jih<\/p>\n","protected":false},"author":6,"featured_media":0,"parent":0,"menu_order":0,"comment_status":"closed","ping_status":"closed","template":"","meta":{"_monsterinsights_skip_tracking":false,"_monsterinsights_sitenote_active":false,"_monsterinsights_sitenote_note":"","_monsterinsights_sitenote_category":0,"ngg_post_thumbnail":0,"footnotes":""},"class_list":["post-2031","page","type-page","status-publish","hentry"],"aioseo_notices":[],"amp_enabled":true,"_links":{"self":[{"href":"https:\/\/pgd-bizovik.si\/index.php?rest_route=\/wp\/v2\/pages\/2031","targetHints":{"allow":["GET"]}}],"collection":[{"href":"https:\/\/pgd-bizovik.si\/index.php?rest_route=\/wp\/v2\/pages"}],"about":[{"href":"https:\/\/pgd-bizovik.si\/index.php?rest_route=\/wp\/v2\/types\/page"}],"author":[{"embeddable":true,"href":"https:\/\/pgd-bizovik.si\/index.php?rest_route=\/wp\/v2\/users\/6"}],"replies":[{"embeddable":true,"href":"https:\/\/pgd-bizovik.si\/index.php?rest_route=%2Fwp%2Fv2%2Fcomments&post=2031"}],"version-history":[{"count":4,"href":"https:\/\/pgd-bizovik.si\/index.php?rest_route=\/wp\/v2\/pages\/2031\/revisions"}],"predecessor-version":[{"id":3841,"href":"https:\/\/pgd-bizovik.si\/index.php?rest_route=\/wp\/v2\/pages\/2031\/revisions\/3841"}],"wp:attachment":[{"href":"https:\/\/pgd-bizovik.si\/index.php?rest_route=%2Fwp%2Fv2%2Fmedia&parent=2031"}],"curies":[{"name":"wp","href":"https:\/\/api.w.org\/{rel}","templated":true}]}}