{"id":1576,"date":"2020-05-01T13:31:15","date_gmt":"2020-05-01T11:31:15","guid":{"rendered":"https:\/\/20.79.180.122\/?page_id=1576"},"modified":"2024-04-30T16:05:49","modified_gmt":"2024-04-30T14:05:49","slug":"cenik-storitev","status":"publish","type":"page","link":"https:\/\/pgd-bizovik.si\/?page_id=1576","title":{"rendered":"Cenik storitev"},"content":{"rendered":"<p>&nbsp;<\/p>\n<p>&nbsp;<\/p>\n<table>\n<tbody>\n<tr>\n<td width=\"395\"><strong>PREVOZ VODE<\/strong><\/td>\n<td width=\"68\"><strong>Enota<\/strong><\/td>\n<td width=\"126\"><strong>Cena brez DDV<\/strong><\/td>\n<\/tr>\n<tr>\n<td width=\"395\">Aktivni \u010dlani PGD Bizovik<\/td>\n<td width=\"68\">\/<\/td>\n<td width=\"126\">Po dogovoru<\/td>\n<\/tr>\n<tr>\n<td width=\"395\">Pav\u0161al do oddaljenosti 10km<\/td>\n<td width=\"68\">\u20ac<\/td>\n<td width=\"126\">107,00&nbsp;<\/td>\n<\/tr>\n<tr>\n<td width=\"395\">Vsak nadaljnji km<\/td>\n<td width=\"68\">\u20ac\/km<\/td>\n<td width=\"126\">5,50<\/td>\n<\/tr>\n<tr>\n<td width=\"395\">Polnjenje in praznjenje vozila pri vsakem prevozu&nbsp;<\/td>\n<td width=\"68\">\u20ac<\/td>\n<td width=\"126\">44,00<\/td>\n<\/tr>\n<\/tbody>\n<\/table>\n<p>&nbsp;<\/p>\n<table>\n<tbody>\n<tr>\n<td width=\"395\"><strong>VOZILA<\/strong><\/td>\n<td width=\"68\"><strong>Enota<\/strong><\/td>\n<td width=\"126\"><strong>Cena brez DDV<\/strong><\/td>\n<\/tr>\n<tr>\n<td width=\"395\">GVM &#8211; 1<\/td>\n<td width=\"68\">\u20ac\/h<\/td>\n<td width=\"126\">72,00<\/td>\n<\/tr>\n<tr>\n<td width=\"395\">GVC 16\/25<\/td>\n<td width=\"68\">\u20ac\/h<\/td>\n<td width=\"126\">108,00<\/td>\n<\/tr>\n<tr>\n<td width=\"395\">AC 24\/130<\/td>\n<td width=\"68\">\u20ac\/h<\/td>\n<td width=\"126\">108,00<\/td>\n<\/tr>\n<tr>\n<td width=\"395\">Vozilo v mirovanju&nbsp;<\/td>\n<td width=\"68\">\u20ac\/h<\/td>\n<td width=\"126\">50% obratovalne ure<\/td>\n<\/tr>\n<\/tbody>\n<\/table>\n<p>&nbsp;<\/p>\n<table>\n<tbody>\n<tr>\n<td width=\"395\"><strong>MO\u0160TVO<\/strong><\/td>\n<td width=\"68\"><strong>Enota<\/strong><\/td>\n<td width=\"126\"><strong>Cena brez DDV<\/strong><\/td>\n<\/tr>\n<tr>\n<td width=\"395\">Delavnik med 6. in 18. uro \u2013 ena oseba<\/td>\n<td width=\"68\">\u20ac\/h<\/td>\n<td width=\"126\">24,00<\/td>\n<\/tr>\n<tr>\n<td width=\"395\">Delavnik med 18. in 6. uro \u2013 ena oseba<\/td>\n<td width=\"68\">\u20ac\/h<\/td>\n<td width=\"126\">30,00<\/td>\n<\/tr>\n<tr>\n<td width=\"395\">Nedelja in prazniki<\/td>\n<td width=\"68\">\u20ac\/h<\/td>\n<td width=\"126\">35,00<\/td>\n<\/tr>\n<\/tbody>\n<\/table>\n<p>&nbsp;<\/p>\n<table>\n<tbody>\n<tr>\n<td width=\"395\"><strong>NAJEMI<\/strong><\/td>\n<td width=\"68\"><strong>Enota<\/strong><\/td>\n<td width=\"126\"><strong>Cena brez DDV<\/strong><\/td>\n<\/tr>\n<tr>\n<td width=\"395\">(1 miza + 2 klopi) komplet, min. izposoja 2 kompleta<\/td>\n<td width=\"68\">\u20ac\/dan<\/td>\n<td width=\"126\">5,00<\/td>\n<\/tr>\n<tr>\n<td width=\"395\">Miza (1 kos)<\/td>\n<td width=\"68\">\u20ac\/dan<\/td>\n<td width=\"126\">3,00<\/td>\n<\/tr>\n<tr>\n<td width=\"395\">Klop (1 kos)<\/td>\n<td width=\"68\">\u20ac\/dan<\/td>\n<td width=\"126\">1,50<\/td>\n<\/tr>\n<tr>\n<td width=\"395\">Izgubljen ali uni\u010den komplet<\/td>\n<td width=\"68\">\u20ac<\/td>\n<td width=\"126\">100,00<\/td>\n<\/tr>\n<tr>\n<td width=\"395\">Izgubljena ali uni\u010dena miza<\/td>\n<td width=\"68\">\u20ac<\/td>\n<td width=\"126\">50,00<\/td>\n<\/tr>\n<tr>\n<td width=\"395\">Izgubljena ali uni\u010dena klop<\/td>\n<td width=\"68\">\u20ac<\/td>\n<td width=\"126\">30,00<\/td>\n<\/tr>\n<tr>\n<td width=\"395\">\u017dar (1 kos)<\/td>\n<td width=\"68\">\u20ac\/dan<\/td>\n<td width=\"126\">40,00<\/td>\n<\/tr>\n<tr>\n<td width=\"395\">Friteza \u2013 enojna (1 kos)<\/td>\n<td width=\"68\">\u20ac\/dan<\/td>\n<td width=\"126\">40,00<\/td>\n<\/tr>\n<tr>\n<td width=\"395\">Friteza \u2013 dvojna (1 kos)<\/td>\n<td width=\"68\">\u20ac\/dan<\/td>\n<td width=\"126\">60,00<\/td>\n<\/tr>\n<\/tbody>\n<\/table>\n<p>&nbsp;<\/p>\n<p>OPOMBE:<\/p>\n<ul>\n<li>Polnjenje cisterne za prevoz vode se izvaja samo pred gasilskim domom PGD Bizovik<\/li>\n<li>Za vsako dostavo vode se obra\u010duna pav\u0161al ter polnjenje in praznjenje (npr. 3 \u00d7 dostava se obra\u010duna 3 \u00d7 pav\u0161al + 3 \u00d7 polnjenje in praznjenje)<\/li>\n<li>Cenik je bil izdelan na osnovi cenika Gasilske zveze Slovenija iz dne 29.01.2024<\/li>\n<\/ul>\n<p>&nbsp;<\/p>\n<p>Cenik je bil sprejet 06.02.2024, na 43. redni seji Upravnega odbora Prostovoljnega gasilskega dru\u0161tva Bizovik<\/p>\n","protected":false},"excerpt":{"rendered":"<p>&nbsp; &nbsp; PREVOZ VODE Enota Cena brez DDV Aktivni \u010dlani PGD Bizovik \/ Po dogovoru Pav\u0161al do oddaljenosti 10km \u20ac<\/p>\n","protected":false},"author":10,"featured_media":0,"parent":0,"menu_order":0,"comment_status":"closed","ping_status":"closed","template":"","meta":{"_monsterinsights_skip_tracking":false,"_monsterinsights_sitenote_active":false,"_monsterinsights_sitenote_note":"","_monsterinsights_sitenote_category":0,"ngg_post_thumbnail":0,"footnotes":""},"class_list":["post-1576","page","type-page","status-publish","hentry"],"aioseo_notices":[],"amp_enabled":true,"_links":{"self":[{"href":"https:\/\/pgd-bizovik.si\/index.php?rest_route=\/wp\/v2\/pages\/1576","targetHints":{"allow":["GET"]}}],"collection":[{"href":"https:\/\/pgd-bizovik.si\/index.php?rest_route=\/wp\/v2\/pages"}],"about":[{"href":"https:\/\/pgd-bizovik.si\/index.php?rest_route=\/wp\/v2\/types\/page"}],"author":[{"embeddable":true,"href":"https:\/\/pgd-bizovik.si\/index.php?rest_route=\/wp\/v2\/users\/10"}],"replies":[{"embeddable":true,"href":"https:\/\/pgd-bizovik.si\/index.php?rest_route=%2Fwp%2Fv2%2Fcomments&post=1576"}],"version-history":[{"count":9,"href":"https:\/\/pgd-bizovik.si\/index.php?rest_route=\/wp\/v2\/pages\/1576\/revisions"}],"predecessor-version":[{"id":3856,"href":"https:\/\/pgd-bizovik.si\/index.php?rest_route=\/wp\/v2\/pages\/1576\/revisions\/3856"}],"wp:attachment":[{"href":"https:\/\/pgd-bizovik.si\/index.php?rest_route=%2Fwp%2Fv2%2Fmedia&parent=1576"}],"curies":[{"name":"wp","href":"https:\/\/api.w.org\/{rel}","templated":true}]}}